-h*k + 159. What is the remainder when k is divided by 12?
11
Let v(c) = -c**3 + 9*c**2 + 2*c - 13. Let x = 9 - 2. Calculate the remainder when x is divided by v(9).
2
Suppose 0 = -3*n + 7*n - 8, 0 = -3*b - 5*n + 58. Let a = 80 - 33. Calculate the remainder when a is divided by b.
15
Suppose 0 = -x + 16 - 3. Calculate the remainder when 23 is divided by x.
10
Let f = 39 - -114. Let w = f - 76. Suppose -5*c + 2*q + 46 + w = 0, c - 5*q - 20 = 0. What is the remainder when c is divided by 9?
7
Let v = -95 - -163. What is the remainder when v is divided by 18?
14
Let y = -179 - -308. Calculate the remainder when y is divided by 33.
30
Let f(p) = -30*p - 1. Let t = 21 + 9. Calculate the remainder when f(-3) is divided by t.
29
Suppose 5*h + 0*h + 109 = 4*q, 3*q + 5*h - 108 = 0. Suppose 38 = -4*s + 186. Let g = 53 - s. What is the remainder when q is divided by g?
15
Let x = -25 + 52. What is the remainder when (-1955)/(-25) - 3/15 is divided by x?
24
Let f = 18 + -13. Suppose -61 = -5*q + f*g - 16, -g = -3*q + 33. What is the remainder when -6*((-28)/6 - 1) is divided by q?
10
Let l be -6 + 7/(7/(-2)). What is the remainder when (-157)/(-4) - (-2)/l is divided by 14?
11
Let a = -13 + 5. Let r = a + 14. What is the remainder when 11 is divided by r?
5
Suppose 5*t - a - 4*a = -60, 58 = -5*t + 3*a. Let u = t + 14. What is the remainder when 11 is divided by u?
2
Let o(v) = v**3 + 6*v**2 + v. Suppose -4*d - 3*h + 42 = 5, -33 = -3*d + 3*h. What is the remainder when o(-4) is divided by d?
8
Let h be (-12)/(-5) + 6/(-15). Suppose -f + 7 = -k - h, 4*k - 9 = -5*f. What is the remainder when 19 is divided by f?
4
Suppose -y - 4*m = -38, 0 = 5*y + 3*m - 8*m - 165. Suppose f + h + 2*h - 15 = 0, -3*f + 2*h + 34 = 0. What is the remainder when y is divided by f?
10
Let k(n) = n**2 - n - 4. Let i be (-1 + 5/2)*2. Let p be k(i). Suppose -3*f + 22 = -p*f. What is the remainder when f is divided by 8?
6
Let c(j) = 2*j**2 + 5*j + 14. Let k(l) = -6*l + 3. What is the remainder when k(-5) is divided by c(-3)?
16
Suppose -4*c = -4*m + 52, c = -4*m + 14 + 13. Calculate the remainder when 46 is divided by m.
6
Let i = 118 + -45. Calculate the remainder when i is divided by 25.
23
Let r(o) = -o**3 - 4*o**2 - o + 1. Let i be r(-4). Let n(p) = -p**3 + 5*p**2 + 4*p - 6. Calculate the remainder when n(i) is divided by 4.
2
Calculate the remainder when 47 is divided by (-2 - 36/(-4)) + 1 + 4.
11
Let b(n) = 2*n**2 - 11*n + 26. Let u = 3 - -8. Calculate the remainder when b(6) is divided by u.
10
Let m(g) = g**2 - 16*g - 34. What is the remainder when 90 is divided by m(19)?
21
Let c(y) = -2*y - 7. Let n be c(-5). Suppose n*v = -12 - 12. What is the remainder when 15 is divided by (v/3)/((-2)/6)?
7
Suppose 2*p = -5*x - 11, -2*p - p + x + 9 = 0. Let u = p - -11. Calculate the remainder when 38 is divided by u.
12
Suppose -6*f = -f + 140. Let t = f + 39. Calculate the remainder when 1/(-2 + 3) - -30 is divided by t.
9
Let v(u) = -3*u - 1. Let b(n) = -n**3 - 2*n**2 - n + 3. What is the remainder when v(-2) is divided by b(0)?
2
Let c(m) = -m**2 - 10*m + 3. Let o be c(-9). Suppose -9*n = -o*n + 9. Calculate the remainder when 6 is divided by n.
0
Let x(q) = 16*q**2 - 1. Let z be x(-1). Let c be (-2)/((z/(-6))/(-5)). Let a(j) = -j - 2. Calculate the remainder when a(c) is divided by 2.
0
Suppose 3*w + 64 = -68. Let g = -31 - w. What is the remainder when 25 is divided by g?
12
Let x(m) = -m**3 - 2*m - 1. Let b = -3 + 1. Let q be x(b). Let n = q - 4. What is the remainder when n is divided by 4?
3
Suppose -21 - 35 = -7*f. Let l = -12 + 30. Let o = l - f. What is the remainder when o is divided by 3?
1
Suppose 2*p - 32 + 10 = 0. Let o(a) be the first derivative of 2*a**3/3 - 3*a**2/2 - 4*a - 1. Calculate the remainder when o(5) is divided by p.
9
Let h(m) = -m**2 + 10*m - 9. What is the remainder when (-6)/10 + (-466)/(-10) is divided by h(7)?
10
Let v = 2 + 18. What is the remainder when 2/(-7) - (-1224)/21 is divided by v?
18
Let a = 2 - -1. Let j = -342 + 351. What is the remainder when j is divided by a?
0
Let w = 16 - -3. Suppose 5*a + 25 = 0, 4*f + 5*a + 15 + 102 = 0. Let j = -13 - f. What is the remainder when w is divided by j?
9
Let f(r) be the third derivative of -3*r**6/40 - r**5/30 + r**3/6 + 3*r**2. Calculate the remainder when f(-1) is divided by (-1)/2*(-7 - -1).
2
Let m(a) = -a**3 - 4*a**2 - 3*a. Let g be m(-2). What is the remainder when (-775)/(-20) - g/8 is divided by 14?
11
Let w(o) = -o**2 - 5*o - 6. Let a be w(-4). Let c = a - -6. Calculate the remainder when 5 is divided by c.
1
Suppose 2*x - 4*d = 272, x - 5*d - 122 = -10*d. Calculate the remainder when x is divided by 27.
24
What is the remainder when (-4)/(-14) - (-160)/28 is divided by 4?
2
Calculate the remainder when 4 - (2 - (-2 + 35)) is divided by 13.
9
Suppose 27 = 2*d + d + 3*h, -5*h - 3 = -3*d. What is the remainder when 11 is divided by d?
5
Let x(a) = 5*a - 1. Let b = 15 - 9. Let s be x(b). Suppose 2*t + t = -u + 40, -3*u = 2*t - s. What is the remainder when t is divided by 8?
5
Suppose -4*s = 2*o - 216, 3*s + 273 = 8*s + 4*o. Let v = s - 35. What is the remainder when 35 is divided by v?
17
What is the remainder when 48 is divided by 20*(2/4 + 0)?
8
Suppose -4*i - 2 = -18. Suppose q - 20 = -3*g + 27, i*g - 66 = 2*q. What is the remainder when 47 is divided by g?
15
Let a = -56 + 77. What is the remainder when 81 is divided by a?
18
Suppose 0 = 3*f - 98 - 97. Calculate the remainder when f is divided by 11.
10
Suppose 5*g = 5*m + 194 + 66, -2*m = 5*g - 225. Let v = -34 + g. Calculate the remainder when 48/2 - -1 - 1 is divided by v.
11
Let y be (-4)/(-18) - (-122)/18. Let z(t) = t**2 - 7*t + 3. Let f be z(y). Suppose 2*i - f - 1 = 0. Calculate the remainder when 5 is divided by i.
1
Let g(j) = -21*j. Let o be g(-1). Suppose 4*b - 71 = -5*t, -16 = -5*b + 3*b + 4*t. What is the remainder when b is divided by 162/o - 2/(-7)?
6
Let c(y) = -y + 0*y**2 - 1 + y + 6*y**2. What is the remainder when c(2) is divided by 12?
11
Let p = 16 - 13. Suppose p + 6 = 3*q. Calculate the remainder when 1*(-18)/((-2)/1) is divided by q.
0
Let w(q) = 2*q**2 - 2*q - 1. Let o be w(3). Suppose -3*k + o = -22. Calculate the remainder when k is divided by 3.
2
Let q = -2 + 3. Let l be 57/12 + q/4. Suppose -n + 5*s + 9 = -0*n, -l*n - 4*s = -103. Calculate the remainder when n is divided by 7.
5
Let m(u) = -u**3 - 7*u**2 - 7*u. Suppose -25 = -3*w - v - 0*v, 2*w = 4*v + 40. Calculate the remainder when 32/w*(4 - -1) is divided by m(-6).
4
Let g = 233 + -111. What is the remainder when g is divided by 41?
40
Suppose 0 = -2*k + 5*o + 23, -k + 5*o - 5 = -14. What is the remainder when k is divided by 8?
6
Let g = -6 - -10. Suppose 0 = -3*s + g + 11. What is the remainder when 34/(2 + (2 - 2)) is divided by s?
2
Calculate the remainder when 99 is divided by 64/(-24)*4/(48/(-153)).
31
Let w(k) = -k + 6. Calculate the remainder when 62 is divided by w(-10).
14
Let r = 7 - 2. Suppose -15 = -r*p - x, 2*p - 23 = -2*p - 3*x. Suppose 9 = -p*a + 101. Calculate the remainder when a is divided by 16.
14
Suppose -5*b + 6*g + 260 = 3*g, 0 = g. Suppose k = 5*q - 6 - 7, 2*k - 26 = -3*q. Let h = k + 11. Calculate the remainder when b is divided by h.
16
Let r(q) = -q + 10. Let o be (-2)/(-7) - 165/(-35). Suppose -o*s + 1 = 2*j + 4, -5*j + s = -33. What is the remainder when r(0) is divided by j?
4
Let g(b) = b + 1. Let l be g(-3). Calculate the remainder when 36 is divided by -13*(3 + l - 2).
10
Suppose 3*k - 87 = -3*n, 0*k + 62 = 2*k + 3*n. Let j(y) = 3*y - 8. Calculate the remainder when k is divided by j(5).
4
Let f(g) = 11*g - 1. Suppose -3*d = 4*r - 5 - 37, 0 = r - d - 14. Let p = 18 - r. What is the remainder when f(1) is divided by p?
4
Suppose 0*q + 3*q - 15 = 0. Let x(m) = 8*m - 2. Calculate the remainder when x(q) is divided by 20.
18
Suppose -3*k = 4*b - 25, -5*k = 9*b - 6*b - 60. Calculate the remainder when k is divided by 4.
3
Let g(j) = 6*j - 4. Calculate the remainder when 46 is divided by g(2).
6
Suppose 39 + 9 = 3*w. Suppose 4*d - 2*v - 28 = 0, -7*v + 2*v - 16 = -4*d. What is the remainder when w is divided by d?
7
Suppose -3*n = -0*n + 18. Let w be 9/n - (-182)/4. Suppose -w = -2*j - 2*j. Calculate the remainder when j is d